t common factor of 45 and c?
9
Let p be (-48)/144 - (-403)/3. Suppose 0 = -2*a - p + 584. Calculate the greatest common factor of a and 45.
45
Let v(p) = -274*p - 37. Let m be v(-4). Suppose 711 = 2*j + i - 2*i, 3*j - 4*i - m = 0. What is the highest common divisor of j and 51?
51
Suppose -7*d + 211 = -83. Let c be 3 - 2 - (1290/(-6) + 6). Calculate the highest common divisor of c and d.
42
Let k(a) = 25*a**2 + 36*a + 9*a**2 - 10*a + 2*a**3 - 2 + 38. Let o be k(-16). What is the greatest common factor of o and 12?
12
Let r = 15 + -35. Let f = 527 - 549. Let m = r - f. What is the highest common divisor of m and 18?
2
Suppose -3*s + 239 = l, 6*l - 2*s = 5*l + 264. Let x = -134 + l. What is the greatest common factor of 80 and x?
40
Let k(c) = -2*c**3 - 29*c**2 + 2*c - 195. Let s be k(-17). Calculate the greatest common divisor of s and 19.
19
Suppose 40*r = 28*r + 6156. Let u be ((-837)/(-124))/((-9)/(-4) - 2). What is the greatest common divisor of u and r?
27
Let s be (-2)/(-1 + 1 + -2). Suppose -349 = -13*o + 54. Suppose -o*j = -163 - 85. Calculate the highest common divisor of s and j.
1
Let a(t) be the first derivative of -t**4/4 - 5*t**3/3 - 2*t**2 - 27*t + 125. Let g be a(-6). What is the greatest common factor of g and 627?
33
Let p be 10/(-5)*(-4 - 91/14). What is the greatest common factor of 1120 and p?
7
Let y be 3/(16/((-156464)/(-21))). Calculate the highest common factor of 1016 and y.
127
Let l(j) be the third derivative of j**6/120 + 7*j**5/60 + j**4/24 - 5*j**3/2 - 11*j**2. Let t be l(-5). What is the greatest common divisor of t and 12?
6
Suppose -4*c + 8 = -3*l + l, l = -5*c + 17. Suppose -l*f - 780 = -3*f. Suppose 2*k - 8*k + f = 0. What is the greatest common factor of k and 10?
10
Suppose 5*n - 976 = 5*w - 7*w, -182 = -n + 4*w. What is the greatest common divisor of 1843 and n?
97
Let k = 11 + 104. Let m be 6*(-2)/(-18) + 13/3. What is the greatest common divisor of k and m?
5
Suppose 4*b = 11*b - 385. Suppose 0 = -3*l - 6, -2*l - 131 = -2*h + b. Calculate the greatest common factor of h and 28.
7
Suppose 0 = -4*h + 16, -50*w = -53*w + 2*h + 397. Calculate the greatest common factor of 480 and w.
15
Suppose -h + 4*y = -20, 5*h - y = 4*y + 25. Let z be 11*(1 - -12) - h. What is the highest common factor of 13 and z?
13
Let i = 33 - 113. Let x = -72 - i. Suppose -90 = -x*o - o. What is the highest common divisor of o and 30?
10
Let g be 4/(-22) - 123/(-11). Let x = 36264 + -35945. What is the highest common factor of x and g?
11
Suppose -165*y + 25500 = -90*y + 350*y. Calculate the highest common divisor of 1760 and y.
20
Suppose -75*k + 224325 = 80*k - 11430. What is the greatest common factor of 1989 and k?
117
Suppose -10*s = 16*s - 858. Let c be 11*2 - -2 - (s + -28). Suppose 4*n - 610 = -2*d, 2*d + 36 = n - 114. What is the greatest common divisor of n and c?
19
Suppose 3*f + 5 = -2*f, 0 = -3*g + 4*f + 1018. Suppose 0 = -0*y + 3*y - 78. Calculate the greatest common factor of y and g.
26
Suppose -29*q = -75*q - 68*q + 528390. Calculate the greatest common divisor of q and 27.
9
Suppose 0 = 5*s - p - 38, -p - 3*p = 2*s - 2. Let b(l) = l**3 - 4*l**2 - 3*l - 14. Let f be b(s). Calculate the highest common factor of 56 and f.
56
Suppose 4*m = 9*m - 1210. Let i be 6/4 - (-9)/6. Suppose -z - j + 20 = 0, -4*j + 36 = -z + i*z. Calculate the highest common factor of z and m.
22
Let h be (2/(-8))/((-16)/224)*86. Let k be 154/70 + (-1224)/(-30). Calculate the highest common divisor of h and k.
43
Let a(j) = -3*j**3 - 16*j**2 - 24*j - 21. Let v be a(-5). Suppose 8*s - v - 286 = 0. Let p = -11 - -26. Calculate the highest common factor of p and s.
15
Let n(q) = -q**2 + 10*q + 5. Let b be n(10). Let w be -3 - (125/(-10) + b)*30. What is the highest common factor of w and 6?
6
Let o be -863*(-34 - (-10 - 7)). What is the highest common divisor of 17 and o?
17
Let c(v) = 274*v**2 - 714*v - 5750. Let x be c(-8). What is the highest common factor of x and 26?
26
Let f be 1*21*2/(11 + -13). Let n be (-36)/((-8)/((-448)/f)). Calculate the highest common factor of 64 and n.
32
Suppose 73*n = 129898 + 30118. Calculate the highest common divisor of 80 and n.
16
Suppose 31*s - 63 = 10*s. Let x be (-18)/s + 1144/13. Calculate the highest common divisor of x and 1886.
82
Suppose -75*x + 7 = -74*x. Suppose x*b - 8*b - 5*j = -3, -3*b + 9 = 2*j. Let r = -24 + 48. Calculate the greatest common factor of r and b.
3
Let h = -286 + 1342. Calculate the greatest common factor of 2400 and h.
96
Let a be (-2 - 28)/((-8)/((-1536)/9)). Let z = 1343 + a. What is the highest common divisor of z and 19?
19
Let w be (-109396)/(-84) + (-5)/15. What is the highest common divisor of w and 30?
6
Let a = 250 + 45. Let c = -14 + 191. What is the highest common divisor of a and c?
59
Suppose -2 = -w + 2*w, t - w = -20. Let i be (-2152)/t + (-5)/(-220)*8. Calculate the highest common divisor of i and 42.
14
Let m = 17989 + -17625. Suppose 0 = -h + 3*t + 52 - 0, -h + 2*t = -52. What is the greatest common factor of m and h?
52
Let g(h) = -2*h**2 - 29*h - 15. Let k be g(-13). Let p be k/10*240/36. Suppose -239 = -2*o + 49. Calculate the greatest common factor of o and p.
16
Let t(q) = -q + 11. Let h be t(11). Let b be (h - 4/8)*-24. Let f = 19 - b. Calculate the greatest common divisor of f and 1.
1
Let i(h) = -74*h. Let l be i(-1). Let u be 1/(9/(-423)*1). Let w = l + u. Calculate the greatest common factor of w and 3.
3
Suppose 0 = -11*p + 22 + 44. Suppose 0 = -49*q + 43*q + p. Calculate the highest common factor of q and 3.
1
Suppose -285 = -3*f + v, 3*f + 97*v = 96*v + 291. What is the highest common divisor of f and 29472?
96
Let g(w) = -80*w - 71. Let s be g(-9). Suppose s = 36*i - 3311. What is the greatest common factor of 50 and i?
10
Suppose -13*d - 48*d = -411445. What is the greatest common divisor of d and 19?
19
Let s = 29 + 529. Let g(o) = -7*o**3 + 8*o**2 + 5*o - 6. Let c be g(4). Let w = c + s. What is the greatest common divisor of w and 28?
28
Let r = 7260 + -7239. Calculate the greatest common factor of r and 7.
7
Suppose 10*l - 10 = 30. Let d be (-7 - -16) + -1*4. Suppose -c - c = l*b - 150, d*c - 330 = -b. What is the highest common factor of 13 and c?
13
Let p be 5/2*4*1. Suppose 410 - 89 = -42*u - 183. Let t be ((-5)/(10/u))/(p/5). What is the highest common divisor of 27 and t?
3
Let q be (-418)/10 + (-1)/5. Let v be q*(-2 - 12/(-9)). Suppose s = -3*u + u + v, 0 = u - 5. What is the greatest common factor of s and 144?
18
Suppose 4*s = 3*f + 17077, 2*f + 3997 = -3*s + 16809. What is the greatest common divisor of s and 70?
70
Let y be 2/9 + (-78)/27*-38. Suppose n + p = 65, 2*n + 4*p - 127 = -p. Calculate the highest common divisor of n and y.
22
Let w = 55 - -47. Suppose 99*o - w*o + 27 = 0. What is the greatest common divisor of o and 216?
9
Let a(w) = -1350*w + 69. Let g be a(-1). What is the highest common divisor of g and 297?
33
Let x(d) = -3*d + 3. Let b be x(-1). Suppose -b*z = 3*z - 216. What is the greatest common factor of 252 and z?
12
Let d(n) = -10*n - 26. Let k be d(-4). Let a be 3100/k + 63/(-147). What is the greatest common factor of 34 and a?
17
Let n(f) = f**3 - 26*f**2 + 9*f - 62. Let w be n(26). Suppose 6*d - 26 = w. Calculate the highest common divisor of 264 and d.
33
Let u(v) = -4*v**2 - 10*v - 6. Let h be u(-9). Let i be (-4 - h) + (3 - -1). Suppose -20 = 4*k - i. Calculate the greatest common divisor of k and 11.
11
Let n(y) = y**2 + 7*y - 160. Let h be n(14). Let c = 185 - h. What is the greatest common divisor of c and 408?
51
Let v = -62 - -49. Let h = v + 76. Let g = -57 + h. Calculate the highest common factor of g and 4.
2
Let o = -17600 - -19190. Calculate the greatest common factor of 135 and o.
15
Let i(a) = 164*a - 1333. Let x be i(9). What is the highest common factor of x and 611?
13
Let x(b) = 19*b**2 + b + 4. Let z be x(-2). Let s = z + -23. What is the highest common factor of 110 and s?
55
Suppose 2*v - 4*q - 20 = -2*v, 0 = v + 4*q. Suppose -2*i = -2*u + 238, -7*u + 8*u - v*i - 131 = 0. Calculate the highest common divisor of u and 23.
23
Suppose -3*m + 65 = -355. Suppose 10*y - 116 = 14. Let p be (-13)/(y/(-30)) - -5. What is the highest common divisor of p and m?
35
Let y = 8287 - 8275. Suppose -4